{"id":98,"date":"2018-07-11T10:23:47","date_gmt":"2018-07-11T10:23:47","guid":{"rendered":"http:\/\/demo.hundeidvik.no\/privatskule\/?page_id=98"},"modified":"2024-11-03T21:12:58","modified_gmt":"2024-11-03T21:12:58","slug":"skuleskyss","status":"publish","type":"page","link":"https:\/\/hundeidvik.no\/privatskule\/skuleskyss\/","title":{"rendered":"Skuleskyss"},"content":{"rendered":"<div class=\"et_post_meta_wrapper\">\n<h1 class=\"entry-title\">Gratis skuleskyss<\/h1>\n<\/div>\n<div class=\"entry-content\">\n<p>Vi tilbyr gratis skuleskyss til alle v\u00e5re elevar som har rett til dette.<a href=\"https:\/\/hundeidvik.no\/privatskule\/sample-page\/skuleskyss2\/\" rel=\"attachment wp-att-39\"><img decoding=\"async\" class=\"alignright size-full wp-image-39\" src=\"https:\/\/hundeidvik.no\/privatskule\/wp-content\/uploads\/sites\/2\/2018\/07\/skuleskyss2.png\" alt=\"\" width=\"278\" height=\"153\" \/><\/a><\/p>\n<p>V\u00e5re elevar har dei samme rettigheitar til skuleskyss som andre elevar. Dette er ein grunnleggande rett som er regulert gjennom Oppl\u00e6ringslova.<\/p>\n<p>Om du har sp\u00f8rsm\u00e5l knytt til skuleskyss, er det berre \u00e5 ta kontakt.<\/p>\n<\/div>\n","protected":false},"excerpt":{"rendered":"<p>Gratis skuleskyss Vi tilbyr gratis skuleskyss til alle v\u00e5re elevar som har rett til dette. V\u00e5re elevar har dei samme rettigheitar til skuleskyss som andre elevar. Dette er ein grunnleggande rett som er regulert gjennom Oppl\u00e6ringslova. Om du har sp\u00f8rsm\u00e5l knytt til skuleskyss, er det berre \u00e5 ta kontakt.<\/p>\n","protected":false},"author":2,"featured_media":39,"parent":0,"menu_order":0,"comment_status":"closed","ping_status":"closed","template":"","meta":{"ocean_post_layout":"","ocean_both_sidebars_style":"","ocean_both_sidebars_content_width":0,"ocean_both_sidebars_sidebars_width":0,"ocean_sidebar":"0","ocean_second_sidebar":"0","ocean_disable_margins":"enable","ocean_add_body_class":"","ocean_shortcode_before_top_bar":"","ocean_shortcode_after_top_bar":"","ocean_shortcode_before_header":"","ocean_shortcode_after_header":"","ocean_has_shortcode":"","ocean_shortcode_after_title":"","ocean_shortcode_before_footer_widgets":"","ocean_shortcode_after_footer_widgets":"","ocean_shortcode_before_footer_bottom":"","ocean_shortcode_after_footer_bottom":"","ocean_display_top_bar":"default","ocean_display_header":"default","ocean_header_style":"","ocean_center_header_left_menu":"0","ocean_custom_header_template":"0","ocean_custom_logo":0,"ocean_custom_retina_logo":0,"ocean_custom_logo_max_width":0,"ocean_custom_logo_tablet_max_width":0,"ocean_custom_logo_mobile_max_width":0,"ocean_custom_logo_max_height":0,"ocean_custom_logo_tablet_max_height":0,"ocean_custom_logo_mobile_max_height":0,"ocean_header_custom_menu":"0","ocean_menu_typo_font_family":"0","ocean_menu_typo_font_subset":"","ocean_menu_typo_font_size":0,"ocean_menu_typo_font_size_tablet":0,"ocean_menu_typo_font_size_mobile":0,"ocean_menu_typo_font_size_unit":"px","ocean_menu_typo_font_weight":"","ocean_menu_typo_font_weight_tablet":"","ocean_menu_typo_font_weight_mobile":"","ocean_menu_typo_transform":"","ocean_menu_typo_transform_tablet":"","ocean_menu_typo_transform_mobile":"","ocean_menu_typo_line_height":0,"ocean_menu_typo_line_height_tablet":0,"ocean_menu_typo_line_height_mobile":0,"ocean_menu_typo_line_height_unit":"","ocean_menu_typo_spacing":0,"ocean_menu_typo_spacing_tablet":0,"ocean_menu_typo_spacing_mobile":0,"ocean_menu_typo_spacing_unit":"","ocean_menu_link_color":"","ocean_menu_link_color_hover":"","ocean_menu_link_color_active":"","ocean_menu_link_background":"","ocean_menu_link_hover_background":"","ocean_menu_link_active_background":"","ocean_menu_social_links_bg":"","ocean_menu_social_hover_links_bg":"","ocean_menu_social_links_color":"","ocean_menu_social_hover_links_color":"","ocean_disable_title":"default","ocean_disable_heading":"default","ocean_post_title":"","ocean_post_subheading":"","ocean_post_title_style":"","ocean_post_title_background_color":"","ocean_post_title_background":0,"ocean_post_title_bg_image_position":"","ocean_post_title_bg_image_attachment":"","ocean_post_title_bg_image_repeat":"","ocean_post_title_bg_image_size":"","ocean_post_title_height":0,"ocean_post_title_bg_overlay":0.5,"ocean_post_title_bg_overlay_color":"","ocean_disable_breadcrumbs":"default","ocean_breadcrumbs_color":"","ocean_breadcrumbs_separator_color":"","ocean_breadcrumbs_links_color":"","ocean_breadcrumbs_links_hover_color":"","ocean_display_footer_widgets":"default","ocean_display_footer_bottom":"default","ocean_custom_footer_template":"","footnotes":""},"class_list":["post-98","page","type-page","status-publish","has-post-thumbnail","hentry","entry","has-media","owp-thumbs-layout-horizontal","owp-btn-normal","owp-tabs-layout-horizontal","has-no-thumbnails","has-product-nav"],"_links":{"self":[{"href":"https:\/\/hundeidvik.no\/privatskule\/wp-json\/wp\/v2\/pages\/98","targetHints":{"allow":["GET"]}}],"collection":[{"href":"https:\/\/hundeidvik.no\/privatskule\/wp-json\/wp\/v2\/pages"}],"about":[{"href":"https:\/\/hundeidvik.no\/privatskule\/wp-json\/wp\/v2\/types\/page"}],"author":[{"embeddable":true,"href":"https:\/\/hundeidvik.no\/privatskule\/wp-json\/wp\/v2\/users\/2"}],"replies":[{"embeddable":true,"href":"https:\/\/hundeidvik.no\/privatskule\/wp-json\/wp\/v2\/comments?post=98"}],"version-history":[{"count":2,"href":"https:\/\/hundeidvik.no\/privatskule\/wp-json\/wp\/v2\/pages\/98\/revisions"}],"predecessor-version":[{"id":376,"href":"https:\/\/hundeidvik.no\/privatskule\/wp-json\/wp\/v2\/pages\/98\/revisions\/376"}],"wp:featuredmedia":[{"embeddable":true,"href":"https:\/\/hundeidvik.no\/privatskule\/wp-json\/wp\/v2\/media\/39"}],"wp:attachment":[{"href":"https:\/\/hundeidvik.no\/privatskule\/wp-json\/wp\/v2\/media?parent=98"}],"curies":[{"name":"wp","href":"https:\/\/api.w.org\/{rel}","templated":true}]}}