{"id":68,"date":"2018-07-11T09:24:08","date_gmt":"2018-07-11T09:24:08","guid":{"rendered":"http:\/\/demo.hundeidvik.no\/privatskule\/?page_id=68"},"modified":"2024-10-28T16:18:37","modified_gmt":"2024-10-28T16:18:37","slug":"chromebook-til-alle","status":"publish","type":"page","link":"https:\/\/hundeidvik.no\/privatskule\/chromebook-til-alle\/","title":{"rendered":"Chromebook til alle"},"content":{"rendered":"\t\t<div data-elementor-type=\"wp-page\" data-elementor-id=\"68\" class=\"elementor elementor-68\" data-elementor-post-type=\"page\">\n\t\t\t\t\t\t<section class=\"elementor-section elementor-top-section elementor-element elementor-element-8808294 elementor-section-boxed elementor-section-height-default elementor-section-height-default\" data-id=\"8808294\" data-element_type=\"section\" data-e-type=\"section\">\n\t\t\t\t\t\t<div class=\"elementor-container elementor-column-gap-default\">\n\t\t\t\t\t<div class=\"elementor-column elementor-col-100 elementor-top-column elementor-element elementor-element-316c6b66\" data-id=\"316c6b66\" data-element_type=\"column\" data-e-type=\"column\">\n\t\t\t<div class=\"elementor-widget-wrap elementor-element-populated\">\n\t\t\t\t\t\t<div class=\"elementor-element elementor-element-7f8c3377 elementor-widget elementor-widget-text-editor\" data-id=\"7f8c3377\" data-element_type=\"widget\" data-e-type=\"widget\" data-widget_type=\"text-editor.default\">\n\t\t\t\t<div class=\"elementor-widget-container\">\n\t\t\t\t\t\t\t\t\t<div class=\"et_post_meta_wrapper\"><h1 class=\"entry-title\">Chromebook til alle<\/h1><\/div><div class=\"entry-content\"><p>Alle elevar p\u00e5 v\u00e5r skule har kvar sin Chromebook som dei nyttar kvar dag i l\u00e6ringa si. I tillegg brukar dei yngste elevane iPad ved behov.<\/p><p>I klasserommet fungerar Chromebook og iPad som eit supplerande l\u00e6remiddel saman med fysiske l\u00e6reb\u00f8ker, materiell og praktisk l\u00e6ring. Elevane f\u00e5r ved fleire anledningar \u00f8ve p\u00e5 \u00e5 vise fram det dei har gjort p\u00e5 Chromebook eller iPad p\u00e5 tavla, og presentere det for dei andre i klassa. Dette er ei god erfaring \u00e5 ta med seg vidare.<\/p><p><b>Gode erfaringar<\/b><\/p><p>Vi har ein visjon om at Chromebook vil gje auka l\u00e6ring, kunnskap, motivasjon og betre klasseleiing. Erfaringane er veldig positive. Elevane er ivrige og har blitt kjempeflinke p\u00e5 mellom anna presentasjonar.<\/p><p>Vi har som m\u00e5l at v\u00e5re elevar skal \u00abknekke\u00bb lesekoden tidleg, og har no eit leseprosjekt g\u00e5ande der lesing i alle fag blir ekstra vektlagt i undervisninga og lekser. M\u00e5let med dette er \u00e5 utvikle gode leserar. Vi legg opp til ein raskare progresjon der elevane f\u00e5r presentert fleire bokstavar i veka.<\/p><p><b>Chromebook til alle<\/b><\/p><p>Dei eldste klassene kombinerer\u00a0tekst og tale n\u00e5r dei arbeider. Slik kan\u00a0l\u00e6raren f\u00e5 betre oversyn om eleven har forst\u00e5tt oppg\u00e5vene,\u00a0og kan tilpasse undervisninga i forhold til dette.\u00a0Lydfilene gjer at elevane kan h\u00f8yre seg sj\u00f8lv og blir dermed meir\u00a0beviste p\u00e5 uttale og spr\u00e5k.\u00a0Ein klar fordel er ogs\u00e5 at l\u00e6raren kan gi tilbakemeldingar raskare og enklare.<\/p><p>P\u00e5 skulen blir det nytta blandt anna Skolestudio, AskiRaski og M+. Skolestudio som er Gyldendal si plattform som samlar l\u00e6reverk, interaktive oppg\u00e5ver, prosjektarbeid og gir gode muligheiter for \u00e5 niv\u00e5tilpasse oppg\u00e5vene til kvar enkelt elev.<br \/><br \/><\/p><\/div>\t\t\t\t\t\t\t\t<\/div>\n\t\t\t\t<\/div>\n\t\t\t\t\t<\/div>\n\t\t<\/div>\n\t\t\t\t\t<\/div>\n\t\t<\/section>\n\t\t\t\t<section class=\"elementor-section elementor-top-section elementor-element elementor-element-182b0ba elementor-section-boxed elementor-section-height-default elementor-section-height-default\" data-id=\"182b0ba\" data-element_type=\"section\" data-e-type=\"section\">\n\t\t\t\t\t\t<div class=\"elementor-container elementor-column-gap-default\">\n\t\t\t\t\t<div class=\"elementor-column elementor-col-100 elementor-top-column elementor-element elementor-element-ef83159\" data-id=\"ef83159\" data-element_type=\"column\" data-e-type=\"column\">\n\t\t\t<div class=\"elementor-widget-wrap elementor-element-populated\">\n\t\t\t\t\t\t<div class=\"elementor-element elementor-element-e9b2830 elementor-widget elementor-widget-image\" data-id=\"e9b2830\" data-element_type=\"widget\" data-e-type=\"widget\" data-widget_type=\"image.default\">\n\t\t\t\t<div class=\"elementor-widget-container\">\n\t\t\t\t\t\t\t\t\t\t\t\t\t\t\t<img decoding=\"async\" src=\"https:\/\/premium.vgc.no\/v2\/images\/29ba3626-595b-4626-a6d0-55c751d82f35?fit=crop&#038;format=auto&#038;h=1267&#038;w=1900&#038;s=d1922d2a5b79e58e84180e4bf2cba001c156becb\" title=\"\" alt=\"\" loading=\"lazy\" \/>\t\t\t\t\t\t\t\t\t\t\t\t\t\t\t<\/div>\n\t\t\t\t<\/div>\n\t\t\t\t\t<\/div>\n\t\t<\/div>\n\t\t\t\t\t<\/div>\n\t\t<\/section>\n\t\t\t\t<\/div>\n\t\t","protected":false},"excerpt":{"rendered":"<p>Chromebook til alle Alle elevar p\u00e5 v\u00e5r skule har kvar sin Chromebook som dei nyttar kvar dag i l\u00e6ringa si. I tillegg brukar dei yngste elevane iPad ved behov. I klasserommet fungerar Chromebook og iPad som eit supplerande l\u00e6remiddel saman med fysiske l\u00e6reb\u00f8ker, materiell og praktisk l\u00e6ring. Elevane f\u00e5r ved fleire anledningar \u00f8ve p\u00e5 \u00e5 [&hellip;]<\/p>\n","protected":false},"author":2,"featured_media":26,"parent":0,"menu_order":0,"comment_status":"closed","ping_status":"closed","template":"","meta":{"ocean_post_layout":"","ocean_both_sidebars_style":"","ocean_both_sidebars_content_width":0,"ocean_both_sidebars_sidebars_width":0,"ocean_sidebar":"0","ocean_second_sidebar":"0","ocean_disable_margins":"enable","ocean_add_body_class":"","ocean_shortcode_before_top_bar":"","ocean_shortcode_after_top_bar":"","ocean_shortcode_before_header":"","ocean_shortcode_after_header":"","ocean_has_shortcode":"","ocean_shortcode_after_title":"","ocean_shortcode_before_footer_widgets":"","ocean_shortcode_after_footer_widgets":"","ocean_shortcode_before_footer_bottom":"","ocean_shortcode_after_footer_bottom":"","ocean_display_top_bar":"default","ocean_display_header":"default","ocean_header_style":"","ocean_center_header_left_menu":"0","ocean_custom_header_template":"0","ocean_custom_logo":0,"ocean_custom_retina_logo":0,"ocean_custom_logo_max_width":0,"ocean_custom_logo_tablet_max_width":0,"ocean_custom_logo_mobile_max_width":0,"ocean_custom_logo_max_height":0,"ocean_custom_logo_tablet_max_height":0,"ocean_custom_logo_mobile_max_height":0,"ocean_header_custom_menu":"0","ocean_menu_typo_font_family":"0","ocean_menu_typo_font_subset":"","ocean_menu_typo_font_size":0,"ocean_menu_typo_font_size_tablet":0,"ocean_menu_typo_font_size_mobile":0,"ocean_menu_typo_font_size_unit":"px","ocean_menu_typo_font_weight":"","ocean_menu_typo_font_weight_tablet":"","ocean_menu_typo_font_weight_mobile":"","ocean_menu_typo_transform":"","ocean_menu_typo_transform_tablet":"","ocean_menu_typo_transform_mobile":"","ocean_menu_typo_line_height":0,"ocean_menu_typo_line_height_tablet":0,"ocean_menu_typo_line_height_mobile":0,"ocean_menu_typo_line_height_unit":"","ocean_menu_typo_spacing":0,"ocean_menu_typo_spacing_tablet":0,"ocean_menu_typo_spacing_mobile":0,"ocean_menu_typo_spacing_unit":"","ocean_menu_link_color":"","ocean_menu_link_color_hover":"","ocean_menu_link_color_active":"","ocean_menu_link_background":"","ocean_menu_link_hover_background":"","ocean_menu_link_active_background":"","ocean_menu_social_links_bg":"","ocean_menu_social_hover_links_bg":"","ocean_menu_social_links_color":"","ocean_menu_social_hover_links_color":"","ocean_disable_title":"default","ocean_disable_heading":"default","ocean_post_title":"","ocean_post_subheading":"","ocean_post_title_style":"","ocean_post_title_background_color":"","ocean_post_title_background":0,"ocean_post_title_bg_image_position":"","ocean_post_title_bg_image_attachment":"","ocean_post_title_bg_image_repeat":"","ocean_post_title_bg_image_size":"","ocean_post_title_height":0,"ocean_post_title_bg_overlay":0.5,"ocean_post_title_bg_overlay_color":"","ocean_disable_breadcrumbs":"default","ocean_breadcrumbs_color":"","ocean_breadcrumbs_separator_color":"","ocean_breadcrumbs_links_color":"","ocean_breadcrumbs_links_hover_color":"","ocean_display_footer_widgets":"default","ocean_display_footer_bottom":"default","ocean_custom_footer_template":"0","footnotes":""},"class_list":["post-68","page","type-page","status-publish","has-post-thumbnail","hentry","entry","has-media","owp-thumbs-layout-horizontal","owp-btn-normal","owp-tabs-layout-horizontal","has-no-thumbnails","has-product-nav"],"_links":{"self":[{"href":"https:\/\/hundeidvik.no\/privatskule\/wp-json\/wp\/v2\/pages\/68","targetHints":{"allow":["GET"]}}],"collection":[{"href":"https:\/\/hundeidvik.no\/privatskule\/wp-json\/wp\/v2\/pages"}],"about":[{"href":"https:\/\/hundeidvik.no\/privatskule\/wp-json\/wp\/v2\/types\/page"}],"author":[{"embeddable":true,"href":"https:\/\/hundeidvik.no\/privatskule\/wp-json\/wp\/v2\/users\/2"}],"replies":[{"embeddable":true,"href":"https:\/\/hundeidvik.no\/privatskule\/wp-json\/wp\/v2\/comments?post=68"}],"version-history":[{"count":6,"href":"https:\/\/hundeidvik.no\/privatskule\/wp-json\/wp\/v2\/pages\/68\/revisions"}],"predecessor-version":[{"id":323,"href":"https:\/\/hundeidvik.no\/privatskule\/wp-json\/wp\/v2\/pages\/68\/revisions\/323"}],"wp:featuredmedia":[{"embeddable":true,"href":"https:\/\/hundeidvik.no\/privatskule\/wp-json\/wp\/v2\/media\/26"}],"wp:attachment":[{"href":"https:\/\/hundeidvik.no\/privatskule\/wp-json\/wp\/v2\/media?parent=68"}],"curies":[{"name":"wp","href":"https:\/\/api.w.org\/{rel}","templated":true}]}}